 z/2*(-2)/4. Let y(n) = 4*n + 5. Is y(h) composite?
True
Suppose 4*f + 2*v - 4636 = -1464, f = -5*v + 793. Is f composite?
True
Suppose 2*c + b + 27 = 0, -3*c - 4 = 4*b + 34. Let o(p) = p**2 + 9*p + 7. Is o(c) composite?
True
Let m be (0/(-2 + 0))/(-1). Let p be 1*-2 + 4 + m. Suppose -p*i = -0*i - 50. Is i a prime number?
False
Let r be (1/(-2))/(4/48). Let z be (-1538)/6 - r/(-9). Let d = -96 - z. Is d composite?
True
Let f(t) = -27*t + 6. Is f(-3) composite?
True
Let c(h) = -23*h + 8. Let a(r) = r + 1. Let z(y) = 4*a(y) - c(y). Is z(5) prime?
True
Suppose 117 + 138 = 5*t. Suppose 3*w + 2*m - 19 = t, 4*w - 96 = -4*m. Is w a prime number?
False
Let d(g) = -31*g. Let s(b) = -62*b - 1. Let i(k) = -11*d(k) + 6*s(k). Is i(-7) prime?
True
Let r(u) = -u**2 + u + 2. Let z be r(3). Let d = z + 5. Is 3*8 - (0 + d) prime?
True
Let v = -260 + 403. Is v prime?
False
Let u = -8 - -32. Let d = -15 - -19. Suppose -4*x - u = -d*t, -5*t + 5*x + 18 = -2*t. Is t prime?
False
Suppose 0 = 4*f - 11 + 55. Let z = 16 + f. Suppose 0 = -u - x + 33, 2*u - 4*u = z*x - 60. Is u a composite number?
True
Suppose 0 = 3*k - 269 - 7. Suppose 4*x = k + 48. Is x prime?
False
Is 9435/21 + (-6)/21 a prime number?
True
Suppose 0 = 2*q - 2*u - 248, 0 = 5*q + u - 192 - 446. Is q composite?
False
Let q(p) = -p**2 - 6*p. Let n be q(-5). Suppose -i - 2*t + 231 = 0, n*i - 4*t + 163 - 1360 = 0. Suppose -5*m - i = -8*m. Is m a composite number?
False
Let p(x) = 7*x + 2. Let y be (-6)/15 + 54/10. Is p(y) composite?
False
Let i(w) = -16*w + 1. Let l be ((-24)/16)/(1/2). Is i(l) a prime number?
False
Suppose 2*b = -2*b + 356. Is b a composite number?
False
Is (-4 + (-49)/(-2))*6 a composite number?
True
Is (-3)/21 - (-386)/7 a composite number?
True
Let u = 280 - 191. Suppose 2*i - 377 = u. Is i prime?
True
Is 263/3 + 10/(-15) prime?
False
Let h(v) be the first derivative of -v**4/4 - 7*v**3/3 + 7*v**2/2 - 2*v + 4. Is h(-9) a composite number?
False
Suppose -3*s + 6 + 3 = 0. Suppose 3*h + 3*d - 906 = 0, 927 = s*h - 2*d - 2*d. Is h a prime number?
False
Suppose 5*a + 15 = 0, 2*h - 3*a - 758 = 517. Is h a prime number?
False
Is 22/11 + 1 + 1 composite?
True
Let s = -10 + 10. Suppose s = -9*t + 8*t + 479. Is t a composite number?
False
Let g be 519/5 + (-3)/(-15). Is g + -1*1/1 prime?
True
Is -1 + 0 + 1240/4 a composite number?
True
Let f = -2099 - -3328. Is f composite?
False
Suppose 275 = 6*k - k. Is k a prime number?
False
Let i = 1093 + -374. Is i composite?
False
Let m = -2 + -3. Let a = m + 27. Is a composite?
True
Suppose -4*o = -15 + 3. Let m(a) = -26*a + 0 - o + 2. Is m(-1) a composite number?
True
Let o = 497 - 271. Is o a prime number?
False
Let a = 568 - -351. Is a a composite number?
False
Let c(x) = -x**3 - 6*x**2 - 8*x - 7. Let q be c(-8). Suppose 4*v + v - q = 0. Is v a composite number?
False
Suppose -6*w + 7*w = 110. Suppose -w = -5*u + 5*z + 185, 0 = -4*u + z + 233. Is u a prime number?
False
Suppose -2*s = s - 168. Suppose m - s = 76. Let d = -47 + m. Is d a composite number?
True
Suppose -2*z = 2 + 14. Let b be (27/6)/(1/4). Let u = z + b. Is u prime?
False
Let k be (-15)/(-20) - 26/(-8). Let w = 5 - k. Is (74/8)/(w/4) a composite number?
False
Suppose 2*f - 4*r = -78, -2*f + 5*f + 103 = -r. Let n = f + 70. Is n prime?
False
Let z = 35 + -10. Let y be (-2)/(-5) - 1910/z. Let n = y - -135. Is n composite?
False
Let v be (-2)/(-3) + (-8)/(-6). Suppose 0 = v*t - 0*t - 44. Suppose 2*d = 22 + t. Is d a composite number?
True
Let n(z) = 37*z**2 + 3*z + 1. Is n(-2) prime?
False
Let a(p) = -p**3 - 6*p**2 + 5*p - 10. Let z be a(-7). Suppose 0 = z*q + 8, -2*q + q = -r + 4. Suppose -52 = -5*n - 3*l, r*l - 3 = 5*l. Is n composite?
False
Is ((-163)/4)/((-12)/48) a composite number?
False
Let y(l) = l - 1. Let f(s) = -9*s + 9. Let g(j) = f(j) + 12*y(j). Is g(6) composite?
True
Suppose 5*p = -355 - 105. Let r = p - -145. Let o = r - -34. Is o prime?
False
Suppose u + 195 = 6*u. Is u a prime number?
False
Let y(x) = x**2 + 2*x - 1. Let b be y(-2). Let v(q) = q**2 - q. Let a be v(b). Suppose -5*u + 52 = -n + 2, 4*n = a*u - 2. Is u a prime number?
True
Let i(f) = 2*f**3 - 10*f**2 + 2*f - 3. Let z be i(5). Suppose 235 = z*j - 2*j. Is j composite?
False
Let q = 1443 + -844. Is q prime?
True
Let n(f) be the second derivative of 5*f**3/3 + 2*f**2 - 3*f. Is n(3) a prime number?
False
Suppose -z = -3, -4*q - 6*z + 1325 = -3*z. Is q prime?
False
Suppose 10 = 5*a - 5*k, -2*a + 6*a - 10 = 3*k. Suppose -4*b = -a*f - f + 269, 3*f - 160 = b. Is f composite?
False
Let q be ((-22)/8)/1*-4. Let i = -18 + q. Is (1 + 0)/((-1)/i) prime?
True
Let g = -6 + 1. Let n = 3 + g. Let c(d) = -8*d - 1. Is c(n) a prime number?
False
Let j = -15 + 13. Is (-1588)/(-24)*j*-3 prime?
True
Let a = -113 - -204. Suppose 0 = 2*i - a - 355. Is i composite?
False
Let f be (1 - -2) + -1 + 2. Suppose 0 = -f*v + v - 3. Is 11 - v - 5/(-5) a composite number?
False
Let v(q) be the third derivative of q**6/120 - q**5/60 - q**4/24 - q**3/3 + 4*q**2. Let y be v(2). Suppose y = 2*n + 2 - 6. Is n a prime number?
True
Let l(i) = i + 1 + 1 - 2 + 3. Let r be l(0). Is 144 - (0 + -3)/r a composite number?
True
Suppose -2*c + 4*f + 318 = 0, -4*c + 3*c = 3*f - 179. Is c prime?
True
Let h(d) = -2 - 7*d + 2*d - 4*d. Is h(-5) composite?
False
Suppose -2*d + 2 = -2. Let h(p) = -7*p + 5 + p - 4*p - 2*p - p**d. Is h(-10) composite?
True
Is ((-22)/(-33))/(4/186) composite?
False
Let f be -3*(15/(-9) - 2). Suppose 14 = -5*t - f, q + 5*t = -21. Is (q/(-10))/(3/(-105)) a composite number?
True
Let u = 301 + -156. Is u a composite number?
True
Suppose -4*z + 3*z = -163. Is z a composite number?
False
Suppose 4*c = 2*c + 16. Let q be (27/12)/((-3)/c). Is (1 + 177/q)*-2 a composite number?
True
Let z = 60 - -35. Is z prime?
False
Let f = 39 + -22. Let o = f + 18. Is o a composite number?
True
Let i = -102 - -60. Is (-3)/2*i/9 a composite number?
False
Let p be -3*((-6)/9 + -1). Let l(q) = 2*q - 7. Let d be l(p). Suppose -11 - 31 = -d*j. Is j prime?
False
Let u(s) = -s**3 - 13*s**2 - 11*s + 2. Is u(-13) composite?
True
Let v(i) = 2*i**3 - 11*i**2 + 7*i - 1. Let z(d) = -3*d**3 + 17*d**2 - 10*d + 1. Let w(h) = -7*v(h) - 5*z(h). Is w(8) a prime number?
False
Is (2/1 + -1)*419 a composite number?
False
Let v be 15/(-12)*100/(-1). Let l = v - -362. Is l a composite number?
False
Suppose 0 = -l - 3*p + 30, 3*l + 0*p + 3*p = 60. Is l prime?
False
Let o = -4 - 1. Let i(x) be the first derivative of x**3/3 - 3*x**2 - 6*x - 1. Is i(o) a composite number?
True
Let m be 190*12*(-6)/(-45). Let k = m - 139. Suppose 0*a = -3*a + k. Is a a prime number?
False
Suppose 5 = 3*v + 8. Let q = 2 + v. Is -2*q - -18 - 1 composite?
True
Let d(i) = -1150*i**3 - i**2 + 2*i - 1. Let a be d(1). Is a/(-6) - (-8)/(-12) a prime number?
True
Suppose c = 8*w - 3*w + 1487, -5*w - 7515 = -5*c. Is c composite?
True
Suppose -4*g = 3*b - 35, -4*b + 9*b = 5*g. Let c = -5 + g. Suppose c*o = -4*o + 16. Is o a composite number?
True
Let l be (-12)/18*(-9)/2. Let b be ((-26)/(-4))/(l/66). Is (b/(-2))/(6/(-12)) a prime number?
False
Let c(w) = -113*w**3 + 2*w**2 + 2*w - 1. Suppose 0 = -5*m + q - 9, q - 1 = -2. Is c(m) composite?
False
Suppose z = -z - 8, 5*c - 4*z = 376. Let w = c - 45. Let u = w + 40. Is u composite?
False
Let j(p) = 3 + 0 + 4 - 18*p - 2. Is j(-8) a composite number?
False
Is 35586/(-18)*(-1)/3 a prime number?
True
Let z(d) = -5*d**2 - 3*d + 2. Let x be z(-8). Let j = x - -458. Suppose -j + 34 = -5*u. Is u composite?
True
Let o = 63 - 211. Let a = 315 + o. Is a a prime number?
True
Let v(z) = 12*z**2 + 10*z - 17. Is v(7) composite?
False
Suppose b = -27 + 171. Suppose 0 = -2*r + 3*r - 3. Suppose 33 = 2*s + 4*u - 85, -r*s = -5*u - b. Is s prime?
True
Let f(b) = -9 + 11*b**2 - 84*b**3 + 83*b**3 - 7*b - 2. Is f(10) a prime number?
True
Let a(h) = 34*h**2 + 5*h + 2. Suppose -11*l - 15 = -6*l. Is a(l) a composite number?
False
Is -8 - -225 - -1*1 a composite number?
True
Let a(u) = -25*u - 1. Let m be a(-8). Let f = m + 154. Is f composite?
False
Let a = 1355 - 696. Is a a prime number?
True
Let b(r) = 3*r**2 - 3*r - 2. Let w be 5/35 - (-27)/7. Is b(w) prime?
False
Let j(l) = -90*l + 15. Let g(m) = 449*m - 76. Let h(n) = 2*g(n) + 11*j(n). Let x be h(9). Is x/(-5) - (-1 + -2) a prime numbe